{"id":5922,"date":"2018-01-22T16:54:00","date_gmt":"2018-01-22T15:54:00","guid":{"rendered":"http:\/\/www.accademiacostumeemoda.it\/talents2018\/?page_id=5922"},"modified":"2018-12-12T16:44:25","modified_gmt":"2018-12-12T15:44:25","slug":"about-talents-by-sara-maino","status":"publish","type":"page","link":"https:\/\/www.accademiacostumeemoda.it\/talents2018\/about-talents-by-sara-maino\/","title":{"rendered":"About Talents by Sara Maino"},"content":{"rendered":"[vc_row type=&#8221;full_width_background&#8221; full_screen_row_position=&#8221;middle&#8221; scene_position=&#8221;center&#8221; text_color=&#8221;dark&#8221; text_align=&#8221;left&#8221; top_padding=&#8221;2%&#8221; bottom_padding=&#8221;1%&#8221; overlay_strength=&#8221;0.3&#8243; shape_divider_position=&#8221;bottom&#8221; shape_type=&#8221;&#8221;][vc_column column_padding=&#8221;no-extra-padding&#8221; column_padding_position=&#8221;all&#8221; background_color_opacity=&#8221;1&#8243; background_hover_color_opacity=&#8221;1&#8243; column_shadow=&#8221;none&#8221; column_border_radius=&#8221;none&#8221; width=&#8221;1\/2&#8243; tablet_text_alignment=&#8221;default&#8221; phone_text_alignment=&#8221;default&#8221; column_border_width=&#8221;none&#8221; column_border_style=&#8221;solid&#8221;][vc_column_text]\n<p style=\"text-align: justify;\">L\u2019opportunit\u00e0 di scrivere questa introduzione per l\u2019Accademia Costume &amp; Moda, mi rende molto felice e onorata. Le scuole di moda sono fondamentali per la crescita dei talenti e, nel corso degli anni, l\u2019Accademia ha guadagnato rispetto e raggiunto importanti risultati a livello internazionale, dando ai propri studenti la possibilit\u00e0 di ottenere il massimo da tale crescita. Descrivere il talento non \u00e8 semplice come sembra: il talento \u00e8 passione, determinazione, visione, \u00e8 essere infaticabili e molto altro ancora. Chi ha talento deve essere, allo stesso tempo, coraggioso ed esprimere s\u00e9 stesso senza mai lasciarsi intimorire.<\/p>\n<p style=\"text-align: justify;\">Ho dedicato alla ricerca dei talenti, in particolare a quelli provenienti dal settore della moda, gli ultimi dodici anni della mia carriera. L\u2019aspetto pi\u00f9 bello dello scouting \u00e8 che, incontrando menti creative in tutto il mondo, ci si rende conto di quanto sia riduttivo definire semplicemente come \u201cdesigner\u201d un designer talentuoso. Mi considero estremamente fortunata per aver lavorato con Franca per molti anni e, proprio lei, mi ha spinta ad andare oltre i confini, credendo in me e supportandomi nella mia ricerca. \u201cNon puoi avere una mente ristretta, quando si tratta di sognare devi farlo in grande\u201d, mi ha sempre ripetuto. E questo \u00e8 ci\u00f2 che dico sempre ai talenti creativi, esortandoli a non arrendersi mai, a credere fermamente nella loro visione, nei loro sogni, anche di fronte alle difficolt\u00e0 che si incontrano all\u2019inizio del proprio percorso: mai guardare indietro. Le nuove generazioni sono il nostro futuro e il nostro compito \u00e8 supportarle con tutti noi stessi.<i><\/i><\/p>\n[\/vc_column_text][\/vc_column][vc_column column_padding=&#8221;no-extra-padding&#8221; column_padding_position=&#8221;all&#8221; background_color_opacity=&#8221;1&#8243; background_hover_color_opacity=&#8221;1&#8243; column_shadow=&#8221;none&#8221; column_border_radius=&#8221;none&#8221; width=&#8221;1\/2&#8243; tablet_text_alignment=&#8221;default&#8221; phone_text_alignment=&#8221;default&#8221; column_border_width=&#8221;none&#8221; column_border_style=&#8221;solid&#8221;][vc_column_text]<em>I\u2019m very happy and honoured to have the chance to write this introduction for Accademia Costume &amp; Moda. Fashion schools are fundamental for the growth of talents and Accademia in the past years has demonstrated internationally how to obtain respect and important results giving the chance to their students to get the outmost from it. How to describe talent? not so easy as it seems, talent is passion, determination, vision, tireless and so much more. Talented people need to be courageous and never afraid to express what they believe in.<\/em><\/p>\n<p><em>In the past twelve years I have dedicated my professional life in the scouting of talents mostly in the fashion industry. The beautiful thing about scouting is that you find yourself meeting so many creative minds from every part of the globe that in the end to think that a talented designer is just a designer is reductive. I consider myself so lucky and privileged to have worked with Franca for so many years, she always pushed me beyond the barriers and believed and support me in what I wanted to do repeating \u201cYou can\u2019t be stingy with dreams. You have to dream big.\u201d This is what I always say to creative talents and also to never give up and firmly believe in their vision and dreams, how matter it is difficult in the beginning go on and do not look backwards. The new generation is our future and we need to support it as much as possible!<\/em>[\/vc_column_text][\/vc_column][\/vc_row][vc_row type=&#8221;full_width_background&#8221; full_screen_row_position=&#8221;middle&#8221; scene_position=&#8221;center&#8221; text_color=&#8221;dark&#8221; text_align=&#8221;left&#8221; bottom_padding=&#8221;1%&#8221; overlay_strength=&#8221;0.3&#8243; shape_divider_position=&#8221;bottom&#8221; shape_type=&#8221;&#8221;][vc_column column_padding=&#8221;no-extra-padding&#8221; column_padding_position=&#8221;all&#8221; background_color_opacity=&#8221;1&#8243; background_hover_color_opacity=&#8221;1&#8243; column_shadow=&#8221;none&#8221; column_border_radius=&#8221;none&#8221; width=&#8221;1\/1&#8243; tablet_text_alignment=&#8221;default&#8221; phone_text_alignment=&#8221;default&#8221; column_border_width=&#8221;none&#8221; column_border_style=&#8221;solid&#8221;][vc_column_text]\n<p style=\"text-align: center;\"><b><i>Sara Maino<br \/>\n<\/i><\/b><i>Senior Editor Vogue Italia<br \/>\n<\/i><i>Head of Vogue Talents<\/i><\/p>\n[\/vc_column_text][\/vc_column][\/vc_row]\n","protected":false},"excerpt":{"rendered":"<p>[vc_row type=&#8221;full_width_background&#8221; full_screen_row_position=&#8221;middle&#8221; scene_position=&#8221;center&#8221; text_color=&#8221;dark&#8221; text_align=&#8221;left&#8221; top_padding=&#8221;2%&#8221; bottom_padding=&#8221;1%&#8221; overlay_strength=&#8221;0.3&#8243; shape_divider_position=&#8221;bottom&#8221; shape_type=&#8221;&#8221;][vc_column column_padding=&#8221;no-extra-padding&#8221; column_padding_position=&#8221;all&#8221; background_color_opacity=&#8221;1&#8243; background_hover_color_opacity=&#8221;1&#8243; column_shadow=&#8221;none&#8221; column_border_radius=&#8221;none&#8221; width=&#8221;1\/2&#8243; tablet_text_alignment=&#8221;default&#8221; phone_text_alignment=&#8221;default&#8221; column_border_width=&#8221;none&#8221; column_border_style=&#8221;solid&#8221;][vc_column_text] L\u2019opportunit\u00e0 di scrivere&#8230;<\/p>\n","protected":false},"author":1,"featured_media":0,"parent":0,"menu_order":0,"comment_status":"closed","ping_status":"closed","template":"","meta":{"_acf_changed":false,"footnotes":""},"class_list":["post-5922","page","type-page","status-publish"],"acf":[],"_links":{"self":[{"href":"https:\/\/www.accademiacostumeemoda.it\/talents2018\/wp-json\/wp\/v2\/pages\/5922","targetHints":{"allow":["GET"]}}],"collection":[{"href":"https:\/\/www.accademiacostumeemoda.it\/talents2018\/wp-json\/wp\/v2\/pages"}],"about":[{"href":"https:\/\/www.accademiacostumeemoda.it\/talents2018\/wp-json\/wp\/v2\/types\/page"}],"author":[{"embeddable":true,"href":"https:\/\/www.accademiacostumeemoda.it\/talents2018\/wp-json\/wp\/v2\/users\/1"}],"replies":[{"embeddable":true,"href":"https:\/\/www.accademiacostumeemoda.it\/talents2018\/wp-json\/wp\/v2\/comments?post=5922"}],"version-history":[{"count":4,"href":"https:\/\/www.accademiacostumeemoda.it\/talents2018\/wp-json\/wp\/v2\/pages\/5922\/revisions"}],"predecessor-version":[{"id":5927,"href":"https:\/\/www.accademiacostumeemoda.it\/talents2018\/wp-json\/wp\/v2\/pages\/5922\/revisions\/5927"}],"wp:attachment":[{"href":"https:\/\/www.accademiacostumeemoda.it\/talents2018\/wp-json\/wp\/v2\/media?parent=5922"}],"curies":[{"name":"wp","href":"https:\/\/api.w.org\/{rel}","templated":true}]}}

[vc_row type=&#8221;full_width_background&#8221; full_screen_row_position=&#8221;middle&#8221; scene_position=&#8221;center&#8221; text_color=&#8221;dark&#8221; text_align=&#8221;left&#8221; top_padding=&#8221;2%&#8221; bottom_padding=&#8221;1%&#8221; overlay_strength=&#8221;0.3&#8243; shape_divider_position=&#8221;bottom&#8221; shape_type=&#8221;&#8221;][vc_column column_padding=&#8221;no-extra-padding&#8221; column_padding_position=&#8221;all&#8221; background_color_opacity=&#8221;1&#8243; background_hover_color_opacity=&#8221;1&#8243; column_shadow=&#8221;none&#8221; column_border_radius=&#8221;none&#8221; width=&#8221;1/2&#8243; tablet_text_alignment=&#8221;default&#8221; phone_text_alignment=&#8221;default&#8221; column_border_width=&#8221;none&#8221; column_border_style=&#8221;solid&#8221;][vc_column_text]
<p style="text-align: justify;">L’opportunità di scrivere questa introduzione per l’Accademia Costume &amp; Moda, mi rende molto felice e onorata. Le scuole di moda sono fondamentali per la crescita dei talenti e, nel corso degli anni, l’Accademia ha guadagnato rispetto e raggiunto importanti risultati a livello internazionale, dando ai propri studenti la possibilità di ottenere il massimo da tale crescita. Descrivere il talento non è semplice come sembra: il talento è passione, determinazione, visione, è essere infaticabili e molto altro ancora. Chi ha talento deve essere, allo stesso tempo, coraggioso ed esprimere sé stesso senza mai lasciarsi intimorire.</p>
<p style="text-align: justify;">Ho dedicato alla ricerca dei talenti, in particolare a quelli provenienti dal settore della moda, gli ultimi dodici anni della mia carriera. L’aspetto più bello dello scouting è che, incontrando menti creative in tutto il mondo, ci si rende conto di quanto sia riduttivo definire semplicemente come “designer” un designer talentuoso. Mi considero estremamente fortunata per aver lavorato con Franca per molti anni e, proprio lei, mi ha spinta ad andare oltre i confini, credendo in me e supportandomi nella mia ricerca. “Non puoi avere una mente ristretta, quando si tratta di sognare devi farlo in grande”, mi ha sempre ripetuto. E questo è ciò che dico sempre ai talenti creativi, esortandoli a non arrendersi mai, a credere fermamente nella loro visione, nei loro sogni, anche di fronte alle difficoltà che si incontrano all’inizio del proprio percorso: mai guardare indietro. Le nuove generazioni sono il nostro futuro e il nostro compito è supportarle con tutti noi stessi.<i></i></p>
[/vc_column_text][/vc_column][vc_column column_padding=&#8221;no-extra-padding&#8221; column_padding_position=&#8221;all&#8221; background_color_opacity=&#8221;1&#8243; background_hover_color_opacity=&#8221;1&#8243; column_shadow=&#8221;none&#8221; column_border_radius=&#8221;none&#8221; width=&#8221;1/2&#8243; tablet_text_alignment=&#8221;default&#8221; phone_text_alignment=&#8221;default&#8221; column_border_width=&#8221;none&#8221; column_border_style=&#8221;solid&#8221;][vc_column_text]<em>I’m very happy and honoured to have the chance to write this introduction for Accademia Costume &amp; Moda. Fashion schools are fundamental for the growth of talents and Accademia in the past years has demonstrated internationally how to obtain respect and important results giving the chance to their students to get the outmost from it. How to describe talent? not so easy as it seems, talent is passion, determination, vision, tireless and so much more. Talented people need to be courageous and never afraid to express what they believe in.</em></p>
<p><em>In the past twelve years I have dedicated my professional life in the scouting of talents mostly in the fashion industry. The beautiful thing about scouting is that you find yourself meeting so many creative minds from every part of the globe that in the end to think that a talented designer is just a designer is reductive. I consider myself so lucky and privileged to have worked with Franca for so many years, she always pushed me beyond the barriers and believed and support me in what I wanted to do repeating “You can’t be stingy with dreams. You have to dream big.” This is what I always say to creative talents and also to never give up and firmly believe in their vision and dreams, how matter it is difficult in the beginning go on and do not look backwards. The new generation is our future and we need to support it as much as possible!</em>[/vc_column_text][/vc_column][/vc_row][vc_row type=&#8221;full_width_background&#8221; full_screen_row_position=&#8221;middle&#8221; scene_position=&#8221;center&#8221; text_color=&#8221;dark&#8221; text_align=&#8221;left&#8221; bottom_padding=&#8221;1%&#8221; overlay_strength=&#8221;0.3&#8243; shape_divider_position=&#8221;bottom&#8221; shape_type=&#8221;&#8221;][vc_column column_padding=&#8221;no-extra-padding&#8221; column_padding_position=&#8221;all&#8221; background_color_opacity=&#8221;1&#8243; background_hover_color_opacity=&#8221;1&#8243; column_shadow=&#8221;none&#8221; column_border_radius=&#8221;none&#8221; width=&#8221;1/1&#8243; tablet_text_alignment=&#8221;default&#8221; phone_text_alignment=&#8221;default&#8221; column_border_width=&#8221;none&#8221; column_border_style=&#8221;solid&#8221;][vc_column_text]
<p style="text-align: center;"><b><i>Sara Maino<br />
</i></b><i>Senior Editor Vogue Italia<br />
</i><i>Head of Vogue Talents</i></p>
[/vc_column_text][/vc_column][/vc_row]

<p>[vc_row type=&#8221;full_width_background&#8221; full_screen_row_position=&#8221;middle&#8221; scene_position=&#8221;center&#8221; text_color=&#8221;dark&#8221; text_align=&#8221;left&#8221; top_padding=&#8221;2%&#8221; bottom_padding=&#8221;1%&#8221; overlay_strength=&#8221;0.3&#8243; shape_divider_position=&#8221;bottom&#8221; shape_type=&#8221;&#8221;][vc_column column_padding=&#8221;no-extra-padding&#8221; column_padding_position=&#8221;all&#8221; background_color_opacity=&#8221;1&#8243; background_hover_color_opacity=&#8221;1&#8243; column_shadow=&#8221;none&#8221; column_border_radius=&#8221;none&#8221; width=&#8221;1/2&#8243; tablet_text_alignment=&#8221;default&#8221; phone_text_alignment=&#8221;default&#8221; column_border_width=&#8221;none&#8221; column_border_style=&#8221;solid&#8221;][vc_column_text] L’opportunità di scrivere&#8230;</p>
