{"id":21831,"date":"2024-06-18T11:44:43","date_gmt":"2024-06-18T09:44:43","guid":{"rendered":"https:\/\/www.accademiacostumeemoda.it\/?post_type=docente&#038;p=21831"},"modified":"2026-03-26T11:57:41","modified_gmt":"2026-03-26T10:57:41","slug":"caterina-occhio","status":"publish","type":"docente","link":"https:\/\/www.accademiacostumeemoda.it\/en\/faculty\/caterina-occhio\/","title":{"rendered":"Caterina Occhio"},"content":{"rendered":"\n<p class=\"wp-block-paragraph\"><strong>ESG and Sustainability advisor<\/strong>&nbsp;with focus on the luxury and fashion sector. Has worker as sustainability advisor for brands the likes of: Maison Ala\u00efa, Chlo\u00e9 and Aspesi. She has supported Chlo\u00e9&#8217;s journey to become the first B-corp certified luxury brand.<\/p>\n\n\n\n<p class=\"wp-block-paragraph\"><strong>Former EU and UN development aid officer.<\/strong><\/p>\n\n\n\n<p class=\"wp-block-paragraph\">Recently appointed Sustainabiltiy Advisor for UNIDO, UN Industrial Development Organisation. Previously has coordinated the United Nations social enterprise programs for the Med area, advising several UN initiatives to date, including the UN Ethical Fashion Initiative.<\/p>\n\n\n\n<p class=\"wp-block-paragraph\">Guest lecturer at SDA Bocconi, MA Luxury Business Management.<\/p>\n\n\n\n<p class=\"wp-block-paragraph\">Sustainability advisor to UN organisation for industrial development, UNIDO<\/p>\n\n\n\n<p class=\"wp-block-paragraph\">Member of the Global Board of Directors of the World Fair Trade Organization.<\/p>\n\n\n\n<p class=\"wp-block-paragraph\">Founder of EthicaRei, the first network of certified ethical suppliers for fashion. Made in Italy &amp; Made in Dignity.<\/p>\n\n\n\n<p class=\"wp-block-paragraph\">Member of the Scientific Sustainability Committee of the Costume and Fashion Academy.<\/p>\n\n\n\n<p class=\"wp-block-paragraph\">Speaker at sustainable literacy events and global conferences discussing: climate and social justice, fair trade, gender equality, fashion and luxury challenges.<\/p>\n\n\n\n<p class=\"wp-block-paragraph\">Participations included: Conde Nast Luxury Conference, Social Enterprise World Forum, UN Fashion for development.<\/p>\n\n\n\n<p class=\"wp-block-paragraph\"><\/p>\n","protected":false},"featured_media":21956,"template":"","meta":{"_acf_changed":true},"class_list":["post-21831","docente","type-docente","status-publish","has-post-thumbnail","hentry"],"acf":[],"yoast_head":"<!-- This site is optimized with the Yoast SEO plugin v28.3 - https:\/\/yoast.com\/product\/yoast-seo-wordpress\/ -->\n<title>Caterina Occhio - Accademia Costume &amp; Moda<\/title>\n<meta name=\"robots\" content=\"index, follow, max-snippet:-1, max-image-preview:large, max-video-preview:-1\" \/>\n<link rel=\"canonical\" href=\"https:\/\/www.accademiacostumeemoda.it\/en\/faculty\/caterina-occhio\/\" \/>\n<meta property=\"og:locale\" content=\"en_US\" \/>\n<meta property=\"og:type\" content=\"article\" \/>\n<meta property=\"og:title\" content=\"Caterina Occhio - Accademia Costume &amp; Moda\" \/>\n<meta property=\"og:description\" content=\"ESG and Sustainability advisor&nbsp;with focus on the luxury and fashion sector. Has worker as sustainability advisor for brands the likes of: Maison Ala\u00efa, Chlo\u00e9 and Aspesi. She has supported Chlo\u00e9&#8217;s journey to become the first B-corp certified luxury brand. Former EU and UN development aid officer. Recently appointed Sustainabiltiy Advisor for UNIDO, UN Industrial Development [&hellip;]\" \/>\n<meta property=\"og:url\" content=\"https:\/\/www.accademiacostumeemoda.it\/en\/faculty\/caterina-occhio\/\" \/>\n<meta property=\"og:site_name\" content=\"Accademia Costume &amp; Moda\" \/>\n<meta property=\"article:modified_time\" content=\"2026-03-26T10:57:41+00:00\" \/>\n<meta property=\"og:image\" content=\"https:\/\/www.accademiacostumeemoda.it\/wp-content\/uploads\/2024\/06\/CATERINA-OCCHIO.jpg\" \/>\n\t<meta property=\"og:image:width\" content=\"500\" \/>\n\t<meta property=\"og:image:height\" content=\"750\" \/>\n\t<meta property=\"og:image:type\" content=\"image\/jpeg\" \/>\n<meta name=\"twitter:card\" content=\"summary_large_image\" \/>\n<meta name=\"twitter:label1\" content=\"Est. reading time\" \/>\n\t<meta name=\"twitter:data1\" content=\"2 minutes\" \/>\n<script type=\"application\/ld+json\" class=\"yoast-schema-graph\">{\"@context\":\"https:\\\/\\\/schema.org\",\"@graph\":[{\"@type\":\"WebPage\",\"@id\":\"https:\\\/\\\/www.accademiacostumeemoda.it\\\/en\\\/faculty\\\/caterina-occhio\\\/\",\"url\":\"https:\\\/\\\/www.accademiacostumeemoda.it\\\/en\\\/faculty\\\/caterina-occhio\\\/\",\"name\":\"Caterina Occhio - Accademia Costume &amp; Moda\",\"isPartOf\":{\"@id\":\"https:\\\/\\\/www.accademiacostumeemoda.it\\\/en\\\/#website\"},\"primaryImageOfPage\":{\"@id\":\"https:\\\/\\\/www.accademiacostumeemoda.it\\\/en\\\/faculty\\\/caterina-occhio\\\/#primaryimage\"},\"image\":{\"@id\":\"https:\\\/\\\/www.accademiacostumeemoda.it\\\/en\\\/faculty\\\/caterina-occhio\\\/#primaryimage\"},\"thumbnailUrl\":\"https:\\\/\\\/www.accademiacostumeemoda.it\\\/wp-content\\\/uploads\\\/2024\\\/06\\\/CATERINA-OCCHIO.jpg\",\"datePublished\":\"2024-06-18T09:44:43+00:00\",\"dateModified\":\"2026-03-26T10:57:41+00:00\",\"breadcrumb\":{\"@id\":\"https:\\\/\\\/www.accademiacostumeemoda.it\\\/en\\\/faculty\\\/caterina-occhio\\\/#breadcrumb\"},\"inLanguage\":\"en-US\",\"potentialAction\":[{\"@type\":\"ReadAction\",\"target\":[\"https:\\\/\\\/www.accademiacostumeemoda.it\\\/en\\\/faculty\\\/caterina-occhio\\\/\"]}]},{\"@type\":\"ImageObject\",\"inLanguage\":\"en-US\",\"@id\":\"https:\\\/\\\/www.accademiacostumeemoda.it\\\/en\\\/faculty\\\/caterina-occhio\\\/#primaryimage\",\"url\":\"https:\\\/\\\/www.accademiacostumeemoda.it\\\/wp-content\\\/uploads\\\/2024\\\/06\\\/CATERINA-OCCHIO.jpg\",\"contentUrl\":\"https:\\\/\\\/www.accademiacostumeemoda.it\\\/wp-content\\\/uploads\\\/2024\\\/06\\\/CATERINA-OCCHIO.jpg\",\"width\":500,\"height\":750},{\"@type\":\"BreadcrumbList\",\"@id\":\"https:\\\/\\\/www.accademiacostumeemoda.it\\\/en\\\/faculty\\\/caterina-occhio\\\/#breadcrumb\",\"itemListElement\":[{\"@type\":\"ListItem\",\"position\":1,\"name\":\"Home\",\"item\":\"https:\\\/\\\/www.accademiacostumeemoda.it\\\/en\\\/\"},{\"@type\":\"ListItem\",\"position\":2,\"name\":\"Docenti e Coordinatori\",\"item\":\"https:\\\/\\\/www.accademiacostumeemoda.it\\\/en\\\/faculty\\\/\"},{\"@type\":\"ListItem\",\"position\":3,\"name\":\"Caterina Occhio\"}]},{\"@type\":\"WebSite\",\"@id\":\"https:\\\/\\\/www.accademiacostumeemoda.it\\\/en\\\/#website\",\"url\":\"https:\\\/\\\/www.accademiacostumeemoda.it\\\/en\\\/\",\"name\":\"Accademia Costume &amp; Moda\",\"description\":\"Scuola di moda Roma e Milano\",\"publisher\":{\"@id\":\"https:\\\/\\\/www.accademiacostumeemoda.it\\\/en\\\/#organization\"},\"potentialAction\":[{\"@type\":\"SearchAction\",\"target\":{\"@type\":\"EntryPoint\",\"urlTemplate\":\"https:\\\/\\\/www.accademiacostumeemoda.it\\\/en\\\/?s={search_term_string}\"},\"query-input\":{\"@type\":\"PropertyValueSpecification\",\"valueRequired\":true,\"valueName\":\"search_term_string\"}}],\"inLanguage\":\"en-US\"},{\"@type\":\"Organization\",\"@id\":\"https:\\\/\\\/www.accademiacostumeemoda.it\\\/en\\\/#organization\",\"name\":\"Accademia Costume & Moda\",\"url\":\"https:\\\/\\\/www.accademiacostumeemoda.it\\\/en\\\/\",\"logo\":{\"@type\":\"ImageObject\",\"inLanguage\":\"en-US\",\"@id\":\"https:\\\/\\\/www.accademiacostumeemoda.it\\\/en\\\/#\\\/schema\\\/logo\\\/image\\\/\",\"url\":\"https:\\\/\\\/www.accademiacostumeemoda.it\\\/wp-content\\\/uploads\\\/2020\\\/07\\\/logo-black.png\",\"contentUrl\":\"https:\\\/\\\/www.accademiacostumeemoda.it\\\/wp-content\\\/uploads\\\/2020\\\/07\\\/logo-black.png\",\"width\":1182,\"height\":400,\"caption\":\"Accademia Costume & Moda\"},\"image\":{\"@id\":\"https:\\\/\\\/www.accademiacostumeemoda.it\\\/en\\\/#\\\/schema\\\/logo\\\/image\\\/\"}}]}<\/script>\n<!-- \/ Yoast SEO plugin. -->","yoast_head_json":{"title":"Caterina Occhio - Accademia Costume &amp; Moda","robots":{"index":"index","follow":"follow","max-snippet":"max-snippet:-1","max-image-preview":"max-image-preview:large","max-video-preview":"max-video-preview:-1"},"canonical":"https:\/\/www.accademiacostumeemoda.it\/en\/faculty\/caterina-occhio\/","og_locale":"en_US","og_type":"article","og_title":"Caterina Occhio - Accademia Costume &amp; Moda","og_description":"ESG and Sustainability advisor&nbsp;with focus on the luxury and fashion sector. Has worker as sustainability advisor for brands the likes of: Maison Ala\u00efa, Chlo\u00e9 and Aspesi. She has supported Chlo\u00e9&#8217;s journey to become the first B-corp certified luxury brand. Former EU and UN development aid officer. Recently appointed Sustainabiltiy Advisor for UNIDO, UN Industrial Development [&hellip;]","og_url":"https:\/\/www.accademiacostumeemoda.it\/en\/faculty\/caterina-occhio\/","og_site_name":"Accademia Costume &amp; Moda","article_modified_time":"2026-03-26T10:57:41+00:00","og_image":[{"width":500,"height":750,"url":"https:\/\/www.accademiacostumeemoda.it\/wp-content\/uploads\/2024\/06\/CATERINA-OCCHIO.jpg","type":"image\/jpeg"}],"twitter_card":"summary_large_image","twitter_misc":{"Est. reading time":"2 minutes"},"schema":{"@context":"https:\/\/schema.org","@graph":[{"@type":"WebPage","@id":"https:\/\/www.accademiacostumeemoda.it\/en\/faculty\/caterina-occhio\/","url":"https:\/\/www.accademiacostumeemoda.it\/en\/faculty\/caterina-occhio\/","name":"Caterina Occhio - Accademia Costume &amp; Moda","isPartOf":{"@id":"https:\/\/www.accademiacostumeemoda.it\/en\/#website"},"primaryImageOfPage":{"@id":"https:\/\/www.accademiacostumeemoda.it\/en\/faculty\/caterina-occhio\/#primaryimage"},"image":{"@id":"https:\/\/www.accademiacostumeemoda.it\/en\/faculty\/caterina-occhio\/#primaryimage"},"thumbnailUrl":"https:\/\/www.accademiacostumeemoda.it\/wp-content\/uploads\/2024\/06\/CATERINA-OCCHIO.jpg","datePublished":"2024-06-18T09:44:43+00:00","dateModified":"2026-03-26T10:57:41+00:00","breadcrumb":{"@id":"https:\/\/www.accademiacostumeemoda.it\/en\/faculty\/caterina-occhio\/#breadcrumb"},"inLanguage":"en-US","potentialAction":[{"@type":"ReadAction","target":["https:\/\/www.accademiacostumeemoda.it\/en\/faculty\/caterina-occhio\/"]}]},{"@type":"ImageObject","inLanguage":"en-US","@id":"https:\/\/www.accademiacostumeemoda.it\/en\/faculty\/caterina-occhio\/#primaryimage","url":"https:\/\/www.accademiacostumeemoda.it\/wp-content\/uploads\/2024\/06\/CATERINA-OCCHIO.jpg","contentUrl":"https:\/\/www.accademiacostumeemoda.it\/wp-content\/uploads\/2024\/06\/CATERINA-OCCHIO.jpg","width":500,"height":750},{"@type":"BreadcrumbList","@id":"https:\/\/www.accademiacostumeemoda.it\/en\/faculty\/caterina-occhio\/#breadcrumb","itemListElement":[{"@type":"ListItem","position":1,"name":"Home","item":"https:\/\/www.accademiacostumeemoda.it\/en\/"},{"@type":"ListItem","position":2,"name":"Docenti e Coordinatori","item":"https:\/\/www.accademiacostumeemoda.it\/en\/faculty\/"},{"@type":"ListItem","position":3,"name":"Caterina Occhio"}]},{"@type":"WebSite","@id":"https:\/\/www.accademiacostumeemoda.it\/en\/#website","url":"https:\/\/www.accademiacostumeemoda.it\/en\/","name":"Accademia Costume &amp; Moda","description":"Scuola di moda Roma e Milano","publisher":{"@id":"https:\/\/www.accademiacostumeemoda.it\/en\/#organization"},"potentialAction":[{"@type":"SearchAction","target":{"@type":"EntryPoint","urlTemplate":"https:\/\/www.accademiacostumeemoda.it\/en\/?s={search_term_string}"},"query-input":{"@type":"PropertyValueSpecification","valueRequired":true,"valueName":"search_term_string"}}],"inLanguage":"en-US"},{"@type":"Organization","@id":"https:\/\/www.accademiacostumeemoda.it\/en\/#organization","name":"Accademia Costume & Moda","url":"https:\/\/www.accademiacostumeemoda.it\/en\/","logo":{"@type":"ImageObject","inLanguage":"en-US","@id":"https:\/\/www.accademiacostumeemoda.it\/en\/#\/schema\/logo\/image\/","url":"https:\/\/www.accademiacostumeemoda.it\/wp-content\/uploads\/2020\/07\/logo-black.png","contentUrl":"https:\/\/www.accademiacostumeemoda.it\/wp-content\/uploads\/2020\/07\/logo-black.png","width":1182,"height":400,"caption":"Accademia Costume & Moda"},"image":{"@id":"https:\/\/www.accademiacostumeemoda.it\/en\/#\/schema\/logo\/image\/"}}]}},"_links":{"self":[{"href":"https:\/\/www.accademiacostumeemoda.it\/en\/wp-json\/wp\/v2\/docente\/21831","targetHints":{"allow":["GET"]}}],"collection":[{"href":"https:\/\/www.accademiacostumeemoda.it\/en\/wp-json\/wp\/v2\/docente"}],"about":[{"href":"https:\/\/www.accademiacostumeemoda.it\/en\/wp-json\/wp\/v2\/types\/docente"}],"wp:featuredmedia":[{"embeddable":true,"href":"https:\/\/www.accademiacostumeemoda.it\/en\/wp-json\/wp\/v2\/media\/21956"}],"wp:attachment":[{"href":"https:\/\/www.accademiacostumeemoda.it\/en\/wp-json\/wp\/v2\/media?parent=21831"}],"curies":[{"name":"wp","href":"https:\/\/api.w.org\/{rel}","templated":true}]}}

<p class="wp-block-paragraph"><strong>ESG and Sustainability advisor</strong>&nbsp;with focus on the luxury and fashion sector. Has worker as sustainability advisor for brands the likes of: Maison Alaïa, Chloé and Aspesi. She has supported Chloé&#8217;s journey to become the first B-corp certified luxury brand.</p>



<p class="wp-block-paragraph"><strong>Former EU and UN development aid officer.</strong></p>



<p class="wp-block-paragraph">Recently appointed Sustainabiltiy Advisor for UNIDO, UN Industrial Development Organisation. Previously has coordinated the United Nations social enterprise programs for the Med area, advising several UN initiatives to date, including the UN Ethical Fashion Initiative.</p>



<p class="wp-block-paragraph">Guest lecturer at SDA Bocconi, MA Luxury Business Management.</p>



<p class="wp-block-paragraph">Sustainability advisor to UN organisation for industrial development, UNIDO</p>



<p class="wp-block-paragraph">Member of the Global Board of Directors of the World Fair Trade Organization.</p>



<p class="wp-block-paragraph">Founder of EthicaRei, the first network of certified ethical suppliers for fashion. Made in Italy &amp; Made in Dignity.</p>



<p class="wp-block-paragraph">Member of the Scientific Sustainability Committee of the Costume and Fashion Academy.</p>



<p class="wp-block-paragraph">Speaker at sustainable literacy events and global conferences discussing: climate and social justice, fair trade, gender equality, fashion and luxury challenges.</p>



<p class="wp-block-paragraph">Participations included: Conde Nast Luxury Conference, Social Enterprise World Forum, UN Fashion for development.</p>



<p class="wp-block-paragraph"></p>

<!-- This site is optimized with the Yoast SEO plugin v28.3 - https://yoast.com/product/yoast-seo-wordpress/ -->
<title>Caterina Occhio - Accademia Costume &amp; Moda</title>
<meta name="robots" content="index, follow, max-snippet:-1, max-image-preview:large, max-video-preview:-1" />
<link rel="canonical" href="https://www.accademiacostumeemoda.it/en/faculty/caterina-occhio/" />
<meta property="og:locale" content="en_US" />
<meta property="og:type" content="article" />
<meta property="og:title" content="Caterina Occhio - Accademia Costume &amp; Moda" />
<meta property="og:description" content="ESG and Sustainability advisor&nbsp;with focus on the luxury and fashion sector. Has worker as sustainability advisor for brands the likes of: Maison Alaïa, Chloé and Aspesi. She has supported Chloé&#8217;s journey to become the first B-corp certified luxury brand. Former EU and UN development aid officer. Recently appointed Sustainabiltiy Advisor for UNIDO, UN Industrial Development [&hellip;]" />
<meta property="og:url" content="https://www.accademiacostumeemoda.it/en/faculty/caterina-occhio/" />
<meta property="og:site_name" content="Accademia Costume &amp; Moda" />
<meta property="article:modified_time" content="2026-03-26T10:57:41+00:00" />
<meta property="og:image" content="https://www.accademiacostumeemoda.it/wp-content/uploads/2024/06/CATERINA-OCCHIO.jpg" />
	<meta property="og:image:width" content="500" />
	<meta property="og:image:height" content="750" />
	<meta property="og:image:type" content="image/jpeg" />
<meta name="twitter:card" content="summary_large_image" />
<meta name="twitter:label1" content="Est. reading time" />
	<meta name="twitter:data1" content="2 minutes" />
<script type="application/ld+json" class="yoast-schema-graph">{"@context":"https:\/\/schema.org","@graph":[{"@type":"WebPage","@id":"https:\/\/www.accademiacostumeemoda.it\/en\/faculty\/caterina-occhio\/","url":"https:\/\/www.accademiacostumeemoda.it\/en\/faculty\/caterina-occhio\/","name":"Caterina Occhio - Accademia Costume &amp; Moda","isPartOf":{"@id":"https:\/\/www.accademiacostumeemoda.it\/en\/#website"},"primaryImageOfPage":{"@id":"https:\/\/www.accademiacostumeemoda.it\/en\/faculty\/caterina-occhio\/#primaryimage"},"image":{"@id":"https:\/\/www.accademiacostumeemoda.it\/en\/faculty\/caterina-occhio\/#primaryimage"},"thumbnailUrl":"https:\/\/www.accademiacostumeemoda.it\/wp-content\/uploads\/2024\/06\/CATERINA-OCCHIO.jpg","datePublished":"2024-06-18T09:44:43+00:00","dateModified":"2026-03-26T10:57:41+00:00","breadcrumb":{"@id":"https:\/\/www.accademiacostumeemoda.it\/en\/faculty\/caterina-occhio\/#breadcrumb"},"inLanguage":"en-US","potentialAction":[{"@type":"ReadAction","target":["https:\/\/www.accademiacostumeemoda.it\/en\/faculty\/caterina-occhio\/"]}]},{"@type":"ImageObject","inLanguage":"en-US","@id":"https:\/\/www.accademiacostumeemoda.it\/en\/faculty\/caterina-occhio\/#primaryimage","url":"https:\/\/www.accademiacostumeemoda.it\/wp-content\/uploads\/2024\/06\/CATERINA-OCCHIO.jpg","contentUrl":"https:\/\/www.accademiacostumeemoda.it\/wp-content\/uploads\/2024\/06\/CATERINA-OCCHIO.jpg","width":500,"height":750},{"@type":"BreadcrumbList","@id":"https:\/\/www.accademiacostumeemoda.it\/en\/faculty\/caterina-occhio\/#breadcrumb","itemListElement":[{"@type":"ListItem","position":1,"name":"Home","item":"https:\/\/www.accademiacostumeemoda.it\/en\/"},{"@type":"ListItem","position":2,"name":"Docenti e Coordinatori","item":"https:\/\/www.accademiacostumeemoda.it\/en\/faculty\/"},{"@type":"ListItem","position":3,"name":"Caterina Occhio"}]},{"@type":"WebSite","@id":"https:\/\/www.accademiacostumeemoda.it\/en\/#website","url":"https:\/\/www.accademiacostumeemoda.it\/en\/","name":"Accademia Costume &amp; Moda","description":"Scuola di moda Roma e Milano","publisher":{"@id":"https:\/\/www.accademiacostumeemoda.it\/en\/#organization"},"potentialAction":[{"@type":"SearchAction","target":{"@type":"EntryPoint","urlTemplate":"https:\/\/www.accademiacostumeemoda.it\/en\/?s={search_term_string}"},"query-input":{"@type":"PropertyValueSpecification","valueRequired":true,"valueName":"search_term_string"}}],"inLanguage":"en-US"},{"@type":"Organization","@id":"https:\/\/www.accademiacostumeemoda.it\/en\/#organization","name":"Accademia Costume & Moda","url":"https:\/\/www.accademiacostumeemoda.it\/en\/","logo":{"@type":"ImageObject","inLanguage":"en-US","@id":"https:\/\/www.accademiacostumeemoda.it\/en\/#\/schema\/logo\/image\/","url":"https:\/\/www.accademiacostumeemoda.it\/wp-content\/uploads\/2020\/07\/logo-black.png","contentUrl":"https:\/\/www.accademiacostumeemoda.it\/wp-content\/uploads\/2020\/07\/logo-black.png","width":1182,"height":400,"caption":"Accademia Costume & Moda"},"image":{"@id":"https:\/\/www.accademiacostumeemoda.it\/en\/#\/schema\/logo\/image\/"}}]}</script>
<!-- / Yoast SEO plugin. -->

ESG and Sustainability advisor&nbsp;with focus on the luxury and fashion sector. Has worker as sustainability advisor for brands the likes of: Maison Alaïa, Chloé and Aspesi. She has supported Chloé&#8217;s journey to become the first B-corp certified luxury brand. Former EU and UN development aid officer. Recently appointed Sustainabiltiy Advisor for UNIDO, UN Industrial Development [&hellip;]
